s digit of 38057?
3
What is the hundreds digit of 551306?
3
What is the hundreds digit of 2025089?
0
What is the units digit of 41821?
1
What is the units digit of 2827886?
6
What is the hundreds digit of 1458279?
2
What is the tens digit of 254288?
8
What is the units digit of 5911969?
9
What is the ten millions digit of 18335691?
1
What is the thousands digit of 55631?
5
What is the ten thousands digit of 5705334?
0
What is the tens digit of 548709?
0
What is the hundred thousands digit of 236655?
2
What is the units digit of 65504?
4
What is the ten thousands digit of 836822?
3
What is the ten thousands digit of 50632?
5
What is the hundreds digit of 527167?
1
What is the hundreds digit of 229165?
1
What is the ten millions digit of 10210333?
1
What is the tens digit of 286432?
3
What is the hundred thousands digit of 1557008?
5
What is the millions digit of 1371151?
1
What is the thousands digit of 288094?
8
What is the tens digit of 18869571?
7
What is the hundred thousands digit of 905603?
9
What is the hundreds digit of 2268531?
5
What is the units digit of 4590112?
2
What is the tens digit of 85888?
8
What is the tens digit of 165787?
8
What is the hundred thousands digit of 289134?
2
What is the hundreds digit of 45617?
6
What is the ten thousands digit of 363607?
6
What is the hundred thousands digit of 3473601?
4
What is the tens digit of 2195341?
4
What is the thousands digit of 61373?
1
What is the thousands digit of 28447058?
7
What is the hundreds digit of 43904?
9
What is the ten thousands digit of 1483448?
8
What is the hundreds digit of 1571377?
3
What is the hundreds digit of 2626521?
5
What is the thousands digit of 1889553?
9
What is the units digit of 5456?
6
What is the thousands digit of 375807?
5
What is the hundreds digit of 363345?
3
What is the ten thousands digit of 128129?
2
What is the tens digit of 11718550?
5
What is the tens digit of 328073?
7
What is the hundreds digit of 393003?
0
What is the thousands digit of 6012006?
2
What is the tens digit of 5395683?
8
What is the hundreds digit of 76042?
0
What is the thousands digit of 5648318?
8
What is the hundreds digit of 1727001?
0
What is the units digit of 548989?
9
What is the hundreds digit of 177078?
0
What is the tens digit of 629920?
2
What is the ten thousands digit of 6834869?
3
What is the thousands digit of 240608?
0
What is the hundred thousands digit of 168499?
1
What is the tens digit of 435904?
0
What is the tens digit of 126868?
6
What is the millions digit of 1243369?
1
What is the units digit of 2567336?
6
What is the thousands digit of 254216?
4
What is the tens digit of 3936363?
6
What is the ten thousands digit of 638640?
3
What is the millions digit of 2714004?
2
What is the tens digit of 300064?
6
What is the ten thousands digit of 940418?
4
What is the ten thousands digit of 23507460?
0
What is the thousands digit of 254037?
4
What is the tens digit of 8356817?
1
What is the ten millions digit of 17202111?
1
What is the millions digit of 4672847?
4
What is the hundred thousands digit of 13563880?
5
What is the units digit of 1618113?
3
What is the tens digit of 114581?
8
What is the tens digit of 5384376?
7
What is the tens digit of 6948046?
4
What is the hundred thousands digit of 3365796?
3
What is the hundred thousands digit of 8257980?
2
What is the ten thousands digit of 1153812?
5
What is the hundreds digit of 5005665?
6
What is the ten thousands digit of 30071546?
7
What is the ten thousands digit of 4390732?
9
What is the thousands digit of 4979069?
9
What is the hundred thousands digit of 4738659?
7
What is the tens digit of 8180355?
5
What is the thousands digit of 20029047?
9
What is the hundreds digit of 505534?
5
What is the hundred thousands digit of 314180?
3
What is the hundred thousands digit of 481554?
4
What is the hundreds digit of 3551996?
9
What is the tens digit of 304144?
4
What is the units digit of 99623?
3
What is the tens digit of 11559387?
8
What is the tens digit of 138872?
7
What is the units digit of 18088175?
5
What is the thousands digit of 415701?
5
What is the hundred thousands digit of 368952?
3
What is the tens digit of 542896?
9
What is the hundred thousands digit of 205691?
2
What is the thousands digit of 2707230?
7
What is the thousands digit of 173838?
3
What is the hundred thousands digit of 389178?
3
What is the thousands digit of 5546683?
6
What is the hundreds digit of 15809544?
5
What is the thousands digit of 12393249?
3
What is the tens digit of 3579234?
3
What is the tens digit of 856325?
2
What is the ten millions digit of 16223236?
1
What is the hundreds digit of 1780185?
1
What is the thousands digit of 128228?
8
What is the hundred thousands digit of 294629?
2
What is the thousands digit of 478188?
8
What is the hundreds digit of 18710563?
5
What is the tens digit of 94949?
4
What is the thousands digit of 622990?
2
What is the thousands digit of 11266946?
6
What is the hundred thousands digit of 319961?
3
What is the tens digit of 28957799?
9
What is the millions digit of 4979545?
4
What is the units digit of 1492946?
6
What is the hundred thousands digit of 11844099?
8
What is the hundred thousands digit of 417664?
4
What is the units digit of 26548816?
6
What is the thousands digit of 178916?
8
What is the hundreds digit of 590141?
1
What is the hundreds digit of 11241647?
6
What is the tens digit of 7081968?
6
What is the thousands digit of 782876?
2
What is the hundreds digit of 1468059?
0
What is the thousands digit of 13996186?
6
What is the hundreds digit of 55972?
9
What is the ten millions digit of 14833492?
1
What is the units digit of 2040814?
4
What is the ten thousands digit of 524664?
2
What is the hundreds digit of 18453629?
6
What is the tens digit of 427409?
0
What is the units digit of 420930?
0
What is the units digit of 1805783?
3
What is the units digit of 2830825?
5
What is the thousands digit of 2234084?
4
What is the ten thousands digit of 1299089?
9
What is the hundreds digit of 315546?
5
What is the thousands digit of 2843601?
3
What is the tens digit of 269774?
7
What is the thousands digit of 24172?
4
What is the tens digit of 4980703?
0
What is the units digit of 7543455?
5
What is the units digit of 9634115?
5
What is the tens digit of 8298175?
7
What is the units digit of 1012327?
7
What is the hundreds digit of 162654?
6
What is the hundreds digit of 1754849?
8
What is the tens digit of 1616213?
1
What is the tens digit of 9266?
6
What is the hundred thousands digit of 423558?
4
What is the hundred thousands digit of 5514742?
5
What is the ten thousands digit of 55305?
5
What is the ten thousands digit of 324697?
2
What is the ten thousands digit of 77558?
7
What is the units digit of 82533?
3
What is the units digit of 5249712?
2
What is the ten thousands digit of 455411?
5
What is the hundreds digit of 303646?
6
What is the ten millions digit of 22102776?
2
What is the millions digit of 11424210?
1
What is the ten thousands digit of 170426?
7
What is the tens digit of 497636?
3
What is the hundreds digit of 14529745?
7
What is the hundred thousands digit of 681049?
6
What is the ten thousands digit of 32347251?
4
What is the tens digit of 1900526?
2
What is the tens digit of 3702620?
2
What is the hundred thousands digit of 116876?
1
What is the tens digit of 5476168?
6
What is the millions digit of 4550573?
4
What is the tens digit of 2937817?
1
What is the millions digit of 8098733?
8
What is the thousands digit of 1798499?
8
What is the ten thousands digit of 11031800?
3
What is the ten thousands digit of 418511?
1
What is the ten thousands digit of 2278486?
7
What is the hundred thousands digit of 106956?
1
What is the thousands digit of 2087813?
7
What is the units digit of 131398?
8
What is the hundreds digit of 1108311?
3
What is the hundreds digit of 565738?
7
What is the tens digit of 698071?
7
What is the ten thousands digit of 21302854?
0
What is the hundred thousands digit of 435152?
4
What is the tens digit of 2052055?
5
What is the hundred thousands digit of 835057?
8
What is the ten thousands digit of 1994147?
9
What is the thousands digit of 767307?
7
What is the hundreds digit of 8122470?
4
What is the units digit of 925686?
6
W